tors of 238816146?
2, 3, 233, 170827
List the prime factors of 2039897076.
2, 3, 7, 19, 1278131
List the prime factors of 549756509.
29, 47, 149, 2707
What are the prime factors of 21094928?
2, 173, 7621
List the prime factors of 169683111.
3, 13, 1450283
What are the prime factors of 139363126?
2, 7, 113, 88093
List the prime factors of 191628883.
37, 5179159
What are the prime factors of 400455858?
2, 3, 11, 257, 23609
What are the prime factors of 929136416?
2, 13, 2233501
What are the prime factors of 244671363?
3, 223, 121909
What are the prime factors of 81026404?
2, 4057, 4993
What are the prime factors of 48190184?
2, 7, 131, 6569
What are the prime factors of 633738156?
2, 3, 52811513
List the prime factors of 991930104.
2, 3, 11, 417479
List the prime factors of 793984784.
2, 61, 761, 1069
List the prime factors of 87072974.
2, 43536487
List the prime factors of 12732314.
2, 7, 909451
What are the prime factors of 21611045?
5, 4322209
What are the prime factors of 579040020?
2, 3, 5, 13, 353, 701
What are the prime factors of 490612635?
3, 5, 389, 28027
What are the prime factors of 185797308?
2, 3, 2389, 6481
List the prime factors of 143977461.
3, 5531, 8677
What are the prime factors of 169183057?
169183057
What are the prime factors of 313564628?
2, 13, 31, 1151
What are the prime factors of 6178769?
17, 29, 83, 151
What are the prime factors of 45494743?
7, 101, 229, 281
What are the prime factors of 541212018?
2, 3, 43, 277, 7573
List the prime factors of 642883089.
3, 601, 356563
List the prime factors of 34052765.
5, 23, 37, 53, 151
What are the prime factors of 70978044?
2, 3, 613, 9649
What are the prime factors of 502757977?
491, 1023947
What are the prime factors of 185274537?
3, 7, 180053
What are the prime factors of 115875216?
2, 3, 804689
List the prime factors of 764103116.
2, 7, 27289397
List the prime factors of 171056197.
13, 13158169
What are the prime factors of 4685795?
5, 17, 55127
What are the prime factors of 124328713?
29, 4287197
List the prime factors of 2782309173.
3, 7, 132490913
What are the prime factors of 51028917?
3, 17, 43, 23269
List the prime factors of 35238550.
2, 5, 704771
List the prime factors of 120159019.
120159019
List the prime factors of 1396050663.
3, 7, 37, 647, 2777
What are the prime factors of 152845048?
2, 41, 43, 10837
List the prime factors of 185498850.
2, 3, 5, 1236659
List the prime factors of 41756629.
233, 179213
List the prime factors of 1368610667.
1368610667
What are the prime factors of 4282170093?
3, 41, 43, 269879
What are the prime factors of 32447290?
2, 5, 3244729
List the prime factors of 427540977.
3, 15834851
List the prime factors of 557417173.
37, 1381, 10909
What are the prime factors of 1384258600?
2, 5, 71, 1373
List the prime factors of 64215385.
5, 13, 987929
List the prime factors of 3185886103.
6637, 480019
List the prime factors of 1500166860.
2, 3, 5, 1031, 24251
What are the prime factors of 22624049?
7, 263, 12289
What are the prime factors of 101190489?
3, 33730163
What are the prime factors of 2825352723?
3, 17, 3258769
What are the prime factors of 3936013432?
2, 13, 4801, 7883
List the prime factors of 160433939.
109, 139, 10589
List the prime factors of 49005863.
887, 55249
What are the prime factors of 18812293?
149, 126257
List the prime factors of 8358557.
373, 22409
List the prime factors of 217104053.
67, 3240359
List the prime factors of 973098112.
2, 7, 1086047
What are the prime factors of 205951507?
19, 31, 349663
List the prime factors of 213416963.
17, 619, 1193
List the prime factors of 2117707915.
5, 1489, 284447
What are the prime factors of 40627587?
3, 7, 11, 13, 83, 163
What are the prime factors of 3116547796?
2, 59, 13205711
List the prime factors of 66243252.
2, 3, 5520271
What are the prime factors of 38462998?
2, 7, 2747357
What are the prime factors of 2218236909?
3, 7, 19, 23, 4933
List the prime factors of 82464552.
2, 3, 17, 89, 757
List the prime factors of 2497630084.
2, 283, 2206387
What are the prime factors of 430601105?
5, 11, 7829111
What are the prime factors of 55536522?
2, 3, 193, 199, 241
List the prime factors of 51035102.
2, 19, 1343029
List the prime factors of 148691814.
2, 3, 151, 337, 487
List the prime factors of 135087356.
2, 4201, 8039
What are the prime factors of 1774377135?
3, 5, 47, 838949
What are the prime factors of 660791697?
3, 220263899
List the prime factors of 248339301.
3, 7, 37, 45659
List the prime factors of 5507332.
2, 29, 197, 241
List the prime factors of 882415447.
17, 23, 61, 36997
What are the prime factors of 197373554?
2, 7, 14098111
What are the prime factors of 1331903764?
2, 29, 11481929
List the prime factors of 486568654.
2, 11, 13, 1701289
List the prime factors of 141481099.
141481099
List the prime factors of 69070303.
17, 4062959
List the prime factors of 212755901.
17, 19, 109, 6043
What are the prime factors of 83679205?
5, 16735841
What are the prime factors of 302250603?
3, 79, 1275319
List the prime factors of 192221085.
3, 5, 7, 1830677
What are the prime factors of 288064741?
31, 9292411
What are the prime factors of 3943566672?
2, 3, 82157639
List the prime factors of 57306109.
7, 19, 430873
List the prime factors of 152774271.
3, 13, 67, 19489
What are the prime factors of 426487187?
7, 353, 172597
List the prime factors of 92778823.
191, 485753
What are the prime factors of 303808297?
13, 113, 206813
List the prime factors of 879421106.
2, 37, 971, 12239
What are the prime factors of 41926190?
2, 5, 41, 102259
What are the prime factors of 1389348810?
2, 3, 5, 23, 61, 11003
What are the prime factors of 32253182?
2, 13, 17, 43, 1697
What are the prime factors of 5946278349?
3, 11, 29, 43, 229, 631
List the prime factors of 108483170.
2, 5, 509, 21313
What are the prime factors of 17173451?
17, 1010203
List the prime factors of 1160968.
2, 145121
List the prime factors of 308159.
17, 18127
List the prime factors of 91061006.
2, 45530503
What are the prime factors of 156874633?
156874633
List the prime factors of 45009512.
2, 5626189
List the prime factors of 101278720.
2, 5, 131, 151
What are the prime factors of 203957956?
2, 397, 128437
List the prime factors of 928032882.
2, 3, 7, 22096021
What are the prime factors of 72918639?
3, 521, 15551
What are the prime factors of 80904877?
1109, 72953
List the prime factors of 5289474.
2, 3, 47, 18757
What are the prime factors of 621166958?
2, 199, 821, 1901
What are the prime factors of 411236696?
2, 13, 3954199
What are the prime factors of 286854541?
2113, 135757
List the prime factors of 51431333.
673, 76421
List the prime factors of 262248602.
2, 7, 11, 19, 89627
What are the prime factors of 287344250?
2, 5, 103, 11159
What are the prime factors of 3006713723?
13, 4621, 50051
What are the prime factors of 727393667?
7, 11, 13, 47, 15461
What are the prime factors of 626251879?
11, 71, 801859
What are the prime factors of 27886375?
5, 11, 17, 1193
List the prime factors of 8177193264.
2, 3, 59, 89, 32443
List the prime factors of 2356828555.
5, 379, 1243709
What are the prime factors of 3510116871?
3, 17, 23, 1187, 2521
What are the prime factors of 23653188?
2, 3, 13, 17, 991
What are the prime factors of 3807471701?
11, 16097, 21503
List the prime factors of 112213629.
3, 11, 73, 15527
List the prime factors of 29527956.
2, 3, 101, 2707
What are the prime factors of 7051085726?
2, 1193, 2955191
List the prime factors of 434677685.
5, 13, 983, 6803
List the prime factors of 670436141.
41, 599, 27299
What are the prime factors of 331853099?
331853099
List the prime factors of 445846790.
2, 5, 43, 1036853
List the prime factors of 3156906199.
47, 113, 12647
List the prime factors of 314292846.
2, 3, 7, 67, 1667
What are the prime factors of 6482233246?
2, 17, 190653919
What are the prime factors of 1139865424?
2, 71241589
List the prime factors of 87874749.
3, 3083, 3167
What are the prime factors of 364707891?
3, 40523099
List the prime factors of 30683672.
2, 997, 3847
List the prime factors of 3165701439.
3, 23, 45879731
What are the prime factors of 9997824?
2, 3, 23, 283
List the prime factors of 238683740.
2, 5, 17, 702011
List the prime factors of 78056721.
3, 8672969
List the prime factors of 6